s**3 - 15*s**2 + 9*s + 6. Give f(-8).
-2
Let a(y) = y - 6. Determine a(-4).
-10
Let w(f) = -13*f**3. Give w(1).
-13
Let m(w) = w**2 + 5*w + 6. Determine m(-3).
0
Let q(t) = 7*t + 9. Determine q(-4).
-19
Let c(g) = -g + 8. Give c(2).
6
Let y(t) = t**2 + 6*t - 10. Determine y(0).
-10
Let a(c) = -4*c - 11. What is a(-3)?
1
Let j(y) = -4*y + 37. Determine j(14).
-19
Let t(o) = 2*o**2 + 34*o + 82. Calculate t(-3).
-2
Let j(c) = -2*c**3 - 2*c + 88. Determine j(0).
88
Let s(c) = c - 12. Determine s(7).
-5
Let w(d) = d**3 + 3*d**2 - 2*d + 9. Determine w(-4).
1
Let x(v) = v**3 + 12*v**2 - 10*v + 2. Give x(-13).
-37
Let v(t) = t**2 - 15*t + 12. Give v(13).
-14
Let k(w) = -w**2 - 14*w - 31. Calculate k(-11).
2
Let k(x) = -x + 2. Determine k(3).
-1
Let i(c) = -10*c - 2. Give i(-4).
38
Let b(y) = y**3 - y**2 + 3*y + 4. Give b(3).
31
Let k(x) = -2*x**2 + 11*x + 4. Calculate k(8).
-36
Let d(f) = -4*f**2 + 4*f + 3. Determine d(-2).
-21
Let c(r) = r - 2. Determine c(0).
-2
Let z(w) = 2*w**2 - 83*w + 391. Calculate z(36).
-5
Let j(o) = 6*o**3 + 4*o - 3. Determine j(2).
53
Let h(x) = -x**3 - 11*x**2 - 11*x - 15. Determine h(-10).
-5
Let c(g) = -g - 1. What is c(-9)?
8
Let s(b) = -b**3 + b**2 + 3*b - 4. What is s(3)?
-13
Let n(x) = -x**2 - 8*x - 3. Give n(-6).
9
Let j(x) = -x**3 + 11*x**2 - 10*x - 6. Give j(10).
-6
Let q(c) = -2*c**2 + 35*c + 9. Determine q(16).
57
Let f(k) = -k**3 + 19*k**2 - 25*k + 38. Determine f(18).
-88
Let g(w) = w**3 + 6*w**2 + 4*w + 7. Give g(-5).
12
Let c(r) = -8*r**2 - 11*r + 2. What is c(-3)?
-37
Let q(m) = -m**3 + 14*m**2 + 30*m + 21. Determine q(16).
-11
Let p(r) = 4*r - 84. Calculate p(-16).
-148
Let t(y) = y**2 + 17*y + 77. Give t(-5).
17
Let q(u) = 5*u**2 - 3*u + 1. What is q(3)?
37
Let l(n) = n**2 + 2*n - 11. Determine l(-4).
-3
Let z(v) = -v + 8. Determine z(17).
-9
Let y(c) = -c - 3. Determine y(-12).
9
Let a(k) = k**3 - 62*k**2 + 123*k - 180. Give a(60).
0
Let a(q) = -q**3 - q - 31. Calculate a(0).
-31
Let p(c) = 6*c**2 - 14*c - 1. Calculate p(6).
131
Let b(q) = -q**3 + 22*q**2 + 23*q + 3. Give b(23).
3
Let i(g) = -g**2 + g + 7. What is i(0)?
7
Let b(k) = -16*k - 237. What is b(-15)?
3
Let k(g) = -g**3 + 19*g**2 - g + 25. Give k(19).
6
Let p(s) = 6*s**2 - 28*s + 9. Determine p(4).
-7
Let c(w) = -2*w**3 - 2*w**2 + 3*w - 3. Determine c(2).
-21
Let b(p) = 2*p - 36. What is b(15)?
-6
Let d(c) = 2*c**3 - 5*c**2 + 3*c. Give d(3).
18
Let b(w) = 2*w**3 - 44*w**2 + 6*w - 16. What is b(22)?
116
Let v(y) = -23*y - 455. Calculate v(-19).
-18
Let l(c) = 3*c + 22. What is l(-9)?
-5
Let r(g) = g**3 - 4*g**2 + g - 1. Calculate r(3).
-7
Let q(n) = -n**2 - 15*n - 38. Determine q(-9).
16
Let j(f) = 2*f**3 - 18*f**2 - 5. Determine j(9).
-5
Let h(t) = 2*t**3 + 11*t**2 + 3*t - 3. What is h(-5)?
7
Let q(d) = 6*d**3 - d**2 + 3*d + 5. Calculate q(-2).
-53
Let y(x) = 2*x**3 + 4*x**2 + 5*x + 4. Give y(-2).
-6
Let z(o) = -10*o - 91. Determine z(-9).
-1
Let g(s) = s**3 + 19*s**2 + 31*s - 47. Give g(-17).
4
Let r(f) = f**3 - 3*f - 6. Determine r(0).
-6
Let l(q) = 2*q**3 - 12*q**2 + 6*q + 16. Give l(5).
-4
Let n(k) = 2*k**3 + 4*k**2 + 2*k + 6. What is n(-3)?
-18
Let w(m) = m**2 + 10*m + 9. What is w(-7)?
-12
Let k(o) = -4*o + 1. Determine k(7).
-27
Let o(u) = -u**2 - 7*u + 110. What is o(8)?
-10
Let u(r) = -9*r - 184. Calculate u(-21).
5
Let x(o) = -9*o**3 + 2*o**2 - 4*o + 2. What is x(2)?
-70
Let b(y) = -3*y**2 + 5*y - 5. Calculate b(1).
-3
Let l(h) = 21*h - 2. Give l(1).
19
Let v(x) = -5*x. Give v(4).
-20
Let q(p) = p**3 + 11*p**2 + 8*p - 10. Calculate q(-9).
80
Let y(f) = -2*f**2 + 19*f - 31. Calculate y(7).
4
Let w(r) = r**2 - r - 17. Give w(0).
-17
Let s(k) = 14*k + 11. What is s(6)?
95
Let v(i) = -i**3 + 27*i**2 + 28*i + 5. What is v(28)?
5
Let s(v) = v**2 + 3*v - 2. Calculate s(-5).
8
Let v(i) = -i**2 + 8*i + 4. Calculate v(7).
11
Let q(a) = -14*a - 27. What is q(-2)?
1
Let q(f) = -2*f**3 + 10*f**2 - 2*f - 5. Determine q(5).
-15
Let i(x) = -49*x**3 - 4*x**2 - 5*x - 1. Determine i(-1).
49
Let a(i) = -15*i - 331. Determine a(-22).
-1
Let q(l) = -l**3 - 7*l**2 - l - 7. Give q(-7).
0
Let i(w) = 2*w**3 + 3*w**2 - 2*w + 2. Determine i(-3).
-19
Let l(k) = k**2 - 16*k + 55. What is l(15)?
40
Let q(t) = t**3 - 22*t**2 + 6*t + 24. Calculate q(22).
156
Let a(j) = -j**2 - 14*j + 2. What is a(0)?
2
Let w(q) = -2*q - 9. Determine w(-6).
3
Let h(t) = -2*t + 32. Calculate h(-20).
72
Let u(b) = b**3 + 13*b**2 + 13*b + 11. Give u(-12).
-1
Let q(k) = -k**3 + 21*k**2 + 73*k - 29. Give q(24).
-5
Let o(j) = -3*j**2 + 3*j + 20. Give o(-3).
-16
Let d(z) = z**3 - 12*z**2 - 5*z - 122. What is d(13)?
-18
Let k(g) = 2*g**2 - 9*g + 8. What is k(4)?
4
Let z(h) = -h**3 + 23*h**2 + 3*h - 67. What is z(23)?
2
Let n(s) = 13*s**2 - s. Calculate n(-2).
54
Let i(j) = j**2 + 16*j + 44. Determine i(-18).
80
Let j(d) = -d**2 - 11*d + 42. Calculate j(-17).
-60
Let v(q) = 22*q + 3. Give v(2).
47
Let f(s) = 5*s - 7. What is f(-8)?
-47
Let q(c) = -c**2 + 13*c - 13. Give q(6).
29
Let n(i) = 4*i - 143. What is n(34)?
-7
Let v(s) = s**2 + 10*s + 1. Give v(-10).
1
Let z(p) = -5*p - 1. Calculate z(16).
-81
Let l(q) = 4*q + 8. Calculate l(-3).
-4
Let l(r) = 13*r + 1. What is l(-1)?
-12
Let d(i) = -8*i**2 + 7*i - 4. Give d(3).
-55
Let x(k) = -2*k**3 + k**2 - 3*k + 2. What is x(2)?
-16
Let r(o) = o**2 + 23*o + 127. Give r(-13).
-3
Let o(r) = -r**3 + 4*r**2 + 2*r - 3. Give o(4).
5
Let d(r) = 53*r + 218. What is d(-4)?
6
Let g(t) = 2*t**2 - 41*t + 54. Calculate g(19).
-3
Let q(v) = v**3 - 5*v**2 - 9*v - 9. Give q(7).
26
Let f(z) = -z**2 - 23*z - 76. Determine f(-4).
0
Let y(m) = -8*m**3. Calculate y(2).
-64
Let y(j) = -j - 33. Calculate y(-11).
-22
Let p(n) = n**3 + 6*n**2 + 2*n - 8. Give p(-6).
-20
Let z(h) = -h**3 - 13*h**2 - 14*h - 20. Give z(-12).
4
Let q(i) = i**2 - 13*i - 2. Calculate q(14).
12
Let q(u) = -6*u + 30. Determine q(12).
-42
Let y(k) = k**3 - 7*k**2 + 12*k - 24. Give y(5).
-14
Let h(j) = 4*j - 23. Calculate h(7).
5
Let s(g) = -g + 8. Determine s(7).
1
Let s(h) = 2*h**2 + 12*h - 16. What is s(-10)?
64
Let j(d) = 3*d**2 + 16*d + 12. Give j(-6).
24
Let f(w) = w**3 + 15*w**2 + 12*w - 22. Determine f(-14).
6
Let v(n) = n + 8. Give v(-5).
3
Let f(x) = x**2 - 15*x + 18. What is f(14)?
4
Let q(r) = -r**2 - 9*r + 13. Calculate q(-12).
-23
Let s(g) = -g**2 - 11*g + 5. Calculate s(-9).
23
Let f(w) = -w**3 + 6*w**2 - 9*w + 11. Calculate f(5).
-9
Let b(h) = -2*h**2 - 32*h - 123. Determine b(-8).
5
Let y(c) = 22*c**2 + c. Determine y(-1).
21
Let n(t) = -4*t**2 - 19*t - 6. What is n(-4)?
6
Let t(b) = b**3 - 9*b**2 + 4. Calculate t(9).
4
Let k(m) = -2*m**3 + m**2 - 11*m - 3. Calculate k(0).
-3
Let s(d) = -6*d + 1. What is s(-11)?
67
Let t(n) = n**3 - 3*n**2 + 2*n + 6. Calculate t(3).
12
Let u(d) = -d**3 - 10*d**2 - 6*d - 13. Give u(-9).
-40
Let o(f) = f**3 - 6*f**2 - 30*f + 25. Determine o(9).
-2
Let y(h) = 8*h + 16. Calculate y(12).
112
Let m(l) = -l**3 - 4*l**2 + 15*l + 7. Determine m(-6).
-11
Let r(x) = -x + 26. Calculate r(0).
26
Let h(w) = -w**2 - 13*w - 8. What is h(-12)?
4
Let j(l) = 5*l**2 - 24*l - 3. Determine j(6).
33
Let a(m) = -m - 1. What is a(3)?
-4
Let g(o) = -3*o**2 + 18*o + 5. Give g(5).
20
Let p(v) = v + 32. Give p(6).
38
Let c(y) = y**2 + y - 13. Calculate c(-4).
-1
Let u(i) = -4*i**2 - 121*i - 23. Determine u(-30).
7
Let i(u) = -u**3 - 15*u**2 + 14*u - 22. Determine i(-16).
10
Let z(s) = s**3 + 19*s**2 + 2*s + 36. What is z(-19)?
-2
Let i(u) = -u**2 + 15*u - 10. What is i(14)?
4
Let c(n) = -n + 3. What is c(-13)?
16
Let p(y) = 6*y**3 + 2*y**2 - 4*y - 9. Calculate p(-3).
-141
Let b(l) = -l**3 - 6*l**2 + 11*l + 21. Give b(-7).
-7
Let q(o) = 41*o**3 - o**2 + 1. What is q(1)?
41
Let l(y) = y**3 + 3*y**2 - 3*y + 5. Determine l(-4).
1
Let j(u) = u**2 - 13*u. Determine j(12).
-12
Let w(j) = -j**3 + 8*j**2 + 12*j - 14. Determine w(9).
13
Let i(b) = -23*b + 30. What is i(1)?
7
Let u(n) = 35*n**2 - 5*n + 4. Determine u(1).
34
Let g(b) = 9*b + 262. Give g(-30).
-8
Let w(k) = -k**3 - 2*k**2 + 7*k + 1. Give w(-4).
5
Let l(h) = -2*h**2 + 19*h - 10. Determine l(9).
-1
Let x(j) = 2*j**2 - j - 6. Give x(-2).
4
Let q(k) = 5*k - 16. Calculate q(-9).
-61
Let b(u) = u**3 - 20*u**2 - 19*u. Calculate b(21).
42
Let m(o) = -o**2 - 5*o. Give m(-6).
-6
Let i(p) = -3*p - 46. What is i(-10)?
-16
Let h(i) 